{"id":40604,"date":"2026-01-13T15:51:21","date_gmt":"2026-01-13T20:51:21","guid":{"rendered":"https:\/\/www.colegiobolivar.edu.co\/garden2025\/proyecto-monografias-de-los-estudiantes-ano-2\/"},"modified":"2026-01-13T15:51:21","modified_gmt":"2026-01-13T20:51:21","slug":"proyecto-monografias-de-los-estudiantes-ano-2","status":"publish","type":"page","link":"https:\/\/www.colegiobolivar.edu.co\/garden2025\/es\/proyecto-monografias-de-los-estudiantes-ano-2\/","title":{"rendered":"Proyecto Monograf\u00edas de los Estudiantes &#8211; A\u00f1o 2"},"content":{"rendered":"<p>La parte principal de los estudios acad\u00e9micos de la clase agr\u00edcola es que los estudiantes escriban una monograf\u00eda sobre una especie seleccionada de su propia elecci\u00f3n. A continuaci\u00f3n se muestra una lista de los estudiantes y sus especies seleccionadas.<\/p>\n<table width=\"810\">\n<tbody>\n<tr>\n<td>Nombre del estudiante<\/td>\n<td>Nombre de especie<\/td>\n<td>Nombre comun<\/td>\n<td>ARCHIVO PDF<\/td>\n<\/tr>\n<tr>\n<td>PABLO ALHACH<\/td>\n<td><em>Oryza sativa<\/em><\/td>\n<td>Rice<\/td>\n<td>\u00a0<a href=\"https:\/\/www.colegiobolivar.edu.co\/garden\/wp-content\/uploads\/2019\/03\/Pablo-Alhach-Oryza-sativa.pdf\">https:\/\/www.colegiobolivar.edu.co\/garden\/wp-content\/uploads\/2019\/03\/Pablo-Alhach-Oryza-sativa.pdf<\/a><\/td>\n<\/tr>\n<tr>\n<td>ANTONIO BELLINI<\/td>\n<td><em>Macademia integrifolia<\/em><\/td>\n<td>Macademia nut<\/td>\n<td>\u00a0<a href=\"https:\/\/www.colegiobolivar.edu.co\/garden\/wp-content\/uploads\/2019\/03\/Antonio-Bellini-Macadamia-integrifolia.pdf\">https:\/\/www.colegiobolivar.edu.co\/garden\/wp-content\/uploads\/2019\/03\/Antonio-Bellini-Macadamia-integrifolia.pdf<\/a><\/td>\n<\/tr>\n<tr>\n<td>SOFIA BOTERO<\/td>\n<td><em>Garcinia duclis<\/em><\/td>\n<td>Mundu<\/td>\n<td>\u00a0<a href=\"https:\/\/www.colegiobolivar.edu.co\/garden\/wp-content\/uploads\/2019\/03\/Sofia-Botero-Rata-garcinia-dulcis.pdf\">https:\/\/www.colegiobolivar.edu.co\/garden\/wp-content\/uploads\/2019\/03\/Sofia-Botero-Rata-garcinia-dulcis.pdf<\/a><\/td>\n<\/tr>\n<tr>\n<td>JUAN ALBERTO BUENO<\/td>\n<td><i>Artocarpus altilis<\/i><\/td>\n<td>Breadfruit<\/td>\n<td>\u00a0<a href=\"https:\/\/www.colegiobolivar.edu.co\/garden\/wp-content\/uploads\/2019\/03\/Juan-Alberto-Bueno-Artocarpus-altilis.pdf\">https:\/\/www.colegiobolivar.edu.co\/garden\/wp-content\/uploads\/2019\/03\/Juan-Alberto-Bueno-Artocarpus-altilis.pdf<\/a><\/td>\n<\/tr>\n<tr>\n<td>NICOLAS DIAZ<\/td>\n<td><em>Artocarpus heterophyllus<\/em><\/td>\n<td>Jackfruit<\/td>\n<td>\u00a0<a href=\"https:\/\/www.colegiobolivar.edu.co\/garden\/wp-content\/uploads\/2019\/03\/Nicolas-Diaz-Artocarpus-heterophyllus.pdf\">https:\/\/www.colegiobolivar.edu.co\/garden\/wp-content\/uploads\/2019\/03\/Nicolas-Diaz-Artocarpus-heterophyllus.pdf<\/a><\/td>\n<\/tr>\n<tr>\n<td>FEDERICO HOLGUIN<\/td>\n<td><i>Synsepalum dulcificum<\/i><\/td>\n<td>Miracle fruit<\/td>\n<td>\u00a0<a href=\"https:\/\/www.colegiobolivar.edu.co\/garden\/wp-content\/uploads\/2019\/03\/Federico-Holguin-Synsepalum-dulcificum.pdf\">https:\/\/www.colegiobolivar.edu.co\/garden\/wp-content\/uploads\/2019\/03\/Federico-Holguin-Synsepalum-dulcificum.pdf<\/a><\/td>\n<\/tr>\n<tr>\n<td>SANTIAGO NEGRET<\/td>\n<td><i>Citrullus lanatus<\/i><\/td>\n<td>Watermellon<\/td>\n<td>\u00a0<a href=\"https:\/\/www.colegiobolivar.edu.co\/garden\/wp-content\/uploads\/2019\/03\/Santiago-Negret-Citrullus-lanatus.pdf\">https:\/\/www.colegiobolivar.edu.co\/garden\/wp-content\/uploads\/2019\/03\/Santiago-Negret-Citrullus-lanatus.pdf<\/a><\/td>\n<\/tr>\n<tr>\n<td>STEFAN THEILKUHL<\/td>\n<td><i>Bactris gasipaes<\/i><\/td>\n<td>Chontaduro<\/td>\n<td>\u00a0<a href=\"https:\/\/www.colegiobolivar.edu.co\/garden\/wp-content\/uploads\/2019\/03\/Stefan-Theilkuhl-Bactris-gasipaes.pdf\">https:\/\/www.colegiobolivar.edu.co\/garden\/wp-content\/uploads\/2019\/03\/Stefan-Theilkuhl-Bactris-gasipaes.pdf<\/a><\/td>\n<\/tr>\n<tr>\n<td>SAMMI QAISI<\/td>\n<td><i>Arachis hypogaea<\/i><\/td>\n<td>Peanut<\/td>\n<td>\u00a0<a href=\"https:\/\/www.colegiobolivar.edu.co\/garden\/wp-content\/uploads\/2019\/03\/Sammy-Qaisi-Arachis-hypogaea-.pdf\">https:\/\/www.colegiobolivar.edu.co\/garden\/wp-content\/uploads\/2019\/03\/Sammy-Qaisi-Arachis-hypogaea-.pdf<\/a><\/td>\n<\/tr>\n<\/tbody>\n<\/table>\n","protected":false},"excerpt":{"rendered":"<p>La parte principal de los estudios acad\u00e9micos de la clase agr\u00edcola es que los estudiantes escriban una monograf\u00eda sobre una especie seleccionada de su propia elecci\u00f3n. A continuaci\u00f3n se muestra una lista de los estudiantes y sus especies seleccionadas. Nombre del estudiante Nombre de especie Nombre comun ARCHIVO PDF PABLO ALHACH Oryza sativa Rice \u00a0https:\/\/www.colegiobolivar.edu.co\/garden\/wp-content\/uploads\/2019\/03\/Pablo-Alhach-Oryza-sativa.pdf [&hellip;]<\/p>\n","protected":false},"author":1,"featured_media":0,"parent":0,"menu_order":0,"comment_status":"closed","ping_status":"closed","template":"","meta":{"zakra_sidebar_layout":"customizer","zakra_remove_content_margin":false,"zakra_sidebar":"customizer","zakra_transparent_header":"customizer","zakra_logo":0,"zakra_main_header_style":"default","zakra_menu_item_color":"","zakra_menu_item_hover_color":"","zakra_menu_item_active_color":"","zakra_menu_active_style":"","zakra_page_header":true,"footnotes":""},"class_list":["post-40604","page","type-page","status-publish","hentry"],"rttpg_featured_image_url":null,"rttpg_author":{"display_name":"webmaster","author_link":"https:\/\/www.colegiobolivar.edu.co\/garden2025\/author\/webmaster\/"},"rttpg_comment":0,"rttpg_category":" <a href=\"https:\/\/www.colegiobolivar.edu.co\/garden2025\/es\/\" rel=\"tag\">Espa\u00f1ol<\/a>","rttpg_excerpt":"La parte principal de los estudios acad\u00e9micos de la clase agr\u00edcola es que los estudiantes escriban una monograf\u00eda sobre una especie seleccionada de su propia elecci\u00f3n. A continuaci\u00f3n se muestra una lista de los estudiantes y sus especies seleccionadas. Nombre del estudiante Nombre de especie Nombre comun ARCHIVO PDF PABLO ALHACH Oryza sativa Rice \u00a0https:\/\/www.colegiobolivar.edu.co\/garden\/wp-content\/uploads\/2019\/03\/Pablo-Alhach-Oryza-sativa.pdf&hellip;","_links":{"self":[{"href":"https:\/\/www.colegiobolivar.edu.co\/garden2025\/wp-json\/wp\/v2\/pages\/40604","targetHints":{"allow":["GET"]}}],"collection":[{"href":"https:\/\/www.colegiobolivar.edu.co\/garden2025\/wp-json\/wp\/v2\/pages"}],"about":[{"href":"https:\/\/www.colegiobolivar.edu.co\/garden2025\/wp-json\/wp\/v2\/types\/page"}],"author":[{"embeddable":true,"href":"https:\/\/www.colegiobolivar.edu.co\/garden2025\/wp-json\/wp\/v2\/users\/1"}],"replies":[{"embeddable":true,"href":"https:\/\/www.colegiobolivar.edu.co\/garden2025\/wp-json\/wp\/v2\/comments?post=40604"}],"version-history":[{"count":0,"href":"https:\/\/www.colegiobolivar.edu.co\/garden2025\/wp-json\/wp\/v2\/pages\/40604\/revisions"}],"wp:attachment":[{"href":"https:\/\/www.colegiobolivar.edu.co\/garden2025\/wp-json\/wp\/v2\/media?parent=40604"}],"curies":[{"name":"wp","href":"https:\/\/api.w.org\/{rel}","templated":true}]}}