{"id":41266,"date":"2026-04-15T15:20:09","date_gmt":"2026-04-15T20:20:09","guid":{"rendered":"https:\/\/www.colegiobolivar.edu.co\/garden2025\/?page_id=41266"},"modified":"2026-04-20T09:52:41","modified_gmt":"2026-04-20T14:52:41","slug":"proyecto-monografias-de-los-estudiantes-ano-10","status":"publish","type":"page","link":"https:\/\/www.colegiobolivar.edu.co\/garden2025\/es\/proyecto-monografias-de-los-estudiantes-ano-10\/","title":{"rendered":"Proyecto Monograf\u00edas de los Estudiantes \u2013 A\u00f1o 10"},"content":{"rendered":"\n<p><\/p>\n\n\n\n<p>La parte acad\u00e9mica principal de la clase de ciencia de plantas agr\u00edcolas es escribir una monograf\u00eda espec\u00edfica de la especie sobre una planta dada. Aqu\u00ed est\u00e1 el trabajo realizado durante 2024-2025 por mis estudiantes de ciencia de plantas agr\u00edcolas. El trabajo de este a\u00f1o abarca investigaciones interesantes sobre fruta del drag\u00f3n, cacao, aloe vera, entre muchos otros.<\/p>\n\n\n\n<figure class=\"wp-block-table\"><table class=\"has-fixed-layout\"><tbody><tr><td>Nombre del estudiante<\/td><td>Nombre de especies<\/td><td>Nmbre comun<\/td><td>PDF<\/td><\/tr><tr><td>&nbsp;MATEO AGUIRRE<\/td><td><em>Theobroma cacao<\/em> L.<\/td><td>Cacao <\/td><td>&nbsp;<a href=\"https:\/\/www.colegiobolivar.edu.co\/garden2025\/wp-content\/uploads\/2026\/04\/Mateo-Aguirre-Theobroma-cacao-2026.pdf\">https:\/\/www.colegiobolivar.edu.co\/garden2025\/wp-content\/uploads\/2026\/04\/Mateo-Aguirre-Theobroma-cacao-2026.pdf<\/a><\/td><\/tr><tr><td>&nbsp;MARTINA ALBAN<\/td><td>&nbsp;<em>Jacaranda mimosifolia <\/em>D.Don-Black Poui<\/td><td>Jacaranda <\/td><td>&nbsp;<a href=\"https:\/\/www.colegiobolivar.edu.co\/garden2025\/wp-content\/uploads\/2026\/04\/Martina-Alban-Jacaranda-mimosifolia-2026_compressed.pdf\">https:\/\/www.colegiobolivar.edu.co\/garden2025\/wp-content\/uploads\/2026\/04\/Martina-Alban-Jacaranda-mimosifolia-2026_compressed.pdf<\/a><\/td><\/tr><tr><td>JORGE ASSIS<br>LUCIANA CHAVARRO<br>FELIPE CAMACHO<br>PABLO GOMEZ<\/td><td>Solanum lycopersicum L.<\/td><td>&nbsp;Tomate<\/td><td><a href=\"https:\/\/www.colegiobolivar.edu.co\/garden2025\/wp-content\/uploads\/2026\/04\/Camacho-et-al-Solanum-lycopersicum-2026.pdf\">https:\/\/www.colegiobolivar.edu.co\/garden2025\/wp-content\/uploads\/2026\/04\/Camacho-et-al-Solanum-lycopersicum-2026.pdf<\/a><\/td><\/tr><tr><td>&nbsp;EMILIANO BARRIOS<\/td><td>Allium sativum<\/td><td>Ajo<\/td><td>&nbsp;<a href=\"https:\/\/www.colegiobolivar.edu.co\/garden2025\/wp-content\/uploads\/2026\/04\/Emiliano-Barrios-Allium-sativum-2026.pdf\">https:\/\/www.colegiobolivar.edu.co\/garden2025\/wp-content\/uploads\/2026\/04\/Emiliano-Barrios-Allium-sativum-2026.pdf<\/a><\/td><\/tr><tr><td>&nbsp;SOFIA BARRIOS<\/td><td><em>&nbsp;Aloe vera<\/em> (L.) Burm f.<\/td><td>&nbsp;Aloe<\/td><td><a href=\"https:\/\/www.colegiobolivar.edu.co\/garden2025\/wp-content\/uploads\/2026\/04\/Sofia-Barrios-Aloe-vera-2026.pdf\">https:\/\/www.colegiobolivar.edu.co\/garden2025\/wp-content\/uploads\/2026\/04\/Sofia-Barrios-Aloe-vera-2026.pdf<\/a><\/td><\/tr><tr><td>HEBA CAPDEVILLA<\/td><td><em>Dionaea<\/em> <em>muscipula<\/em> J. Ellis <\/td><td>&nbsp;Venus atrapamoscas<\/td><td><a href=\"https:\/\/www.colegiobolivar.edu.co\/garden2025\/wp-content\/uploads\/2026\/04\/Heba-Capdevila-Dionea-muscipula-2026.pdf\">https:\/\/www.colegiobolivar.edu.co\/garden2025\/wp-content\/uploads\/2026\/04\/Heba-Capdevila-Dionea-muscipula-2026.pdf<\/a><\/td><\/tr><tr><td>&nbsp;CATALINA CHACON<\/td><td>&nbsp;<em>Moringa oleifera <\/em>Lam.<\/td><td>&nbsp;Moringa<\/td><td><a href=\"https:\/\/www.colegiobolivar.edu.co\/garden2025\/wp-content\/uploads\/2026\/04\/Catalina-Chacon-Moringa-oleifera-2026.pdf\">https:\/\/www.colegiobolivar.edu.co\/garden2025\/wp-content\/uploads\/2026\/04\/Catalina-Chacon-Moringa-oleifera-2026.pdf<\/a><\/td><\/tr><tr><td>SANTIAGO CORREA<\/td><td>&nbsp;<em>Nicotiana tabacum<\/em> L<\/td><td>&nbsp;Tabaco<\/td><td><a href=\"https:\/\/www.colegiobolivar.edu.co\/garden2025\/wp-content\/uploads\/2026\/04\/Santiago-Alberto-Nicotiana-tabacum-2026.pdf\">https:\/\/www.colegiobolivar.edu.co\/garden2025\/wp-content\/uploads\/2026\/04\/Santiago-Alberto-Nicotiana-tabacum-2026.pdf<\/a>&nbsp;<\/td><\/tr><tr><td>MIGUEL ANGEL<\/td><td><em>Lawsonia inermis<\/em> L.<\/td><td>Henna<\/td><td><a href=\"https:\/\/www.colegiobolivar.edu.co\/garden2025\/wp-content\/uploads\/2026\/04\/Miguel-Angel-Diaz-Lawsonia-inermis-2026.pdf\">https:\/\/www.colegiobolivar.edu.co\/garden2025\/wp-content\/uploads\/2026\/04\/Miguel-Angel-Diaz-Lawsonia-inermis-2026.pdf<\/a><\/td><\/tr><tr><td>LUCIA ESCOBAR<\/td><td>Fragaria x ananassa<\/td><td>Fresa cultivada<\/td><td><a href=\"https:\/\/www.colegiobolivar.edu.co\/garden2025\/wp-content\/uploads\/2026\/04\/Lucia-Escobar-Fragaria-\u00d7-ananassa-2026.pdf\">https:\/\/www.colegiobolivar.edu.co\/garden2025\/wp-content\/uploads\/2026\/04\/Lucia-Escobar-Fragaria-\u00d7-ananassa-2026.pdf<\/a><\/td><\/tr><tr><td>&nbsp;ORIANA FRANCO<\/td><td>&nbsp;<em>Selenicerus undatus <\/em>Haw.<\/td><td>Pitahaya<\/td><td>&nbsp;<a href=\"https:\/\/www.colegiobolivar.edu.co\/garden2025\/wp-content\/uploads\/2026\/04\/Oriana-Franco-Selenicereus-undatus-Haw-2026.pdf\">https:\/\/www.colegiobolivar.edu.co\/garden2025\/wp-content\/uploads\/2026\/04\/Oriana-Franco-Selenicereus-undatus-Haw-2026.pdf<\/a><\/td><\/tr><tr><td>GABRIELA GARCIA<\/td><td><em>Heliconia rostrata<\/em> Ruiz &amp; Pav.<\/td><td>Heliconia<\/td><td><a href=\"https:\/\/www.colegiobolivar.edu.co\/garden2025\/wp-content\/uploads\/2026\/04\/Gabriela-Garcia-Heliconia-Rostrata-2026.pdf\">https:\/\/www.colegiobolivar.edu.co\/garden2025\/wp-content\/uploads\/2026\/04\/Gabriela-Garcia-Heliconia-Rostrata-2026.pdf<\/a><\/td><\/tr><tr><td>MICHAEL GLENNON<\/td><td><em>Gloriosa superba<\/em> L.<\/td><td>Lirio de llama<\/td><td><a href=\"https:\/\/www.colegiobolivar.edu.co\/garden2025\/wp-content\/uploads\/2026\/04\/Michael-Glennon-Gloriosa-superba-L-2026.pdf\">https:\/\/www.colegiobolivar.edu.co\/garden2025\/wp-content\/uploads\/2026\/04\/Michael-Glennon-Gloriosa-superba-L-2026.pdf<\/a><\/td><\/tr><tr><td>JOSE ALEJANDRO GONZALEZ<\/td><td><em>Artemisia annua<\/em> L.<\/td><td>Artemisia dulce<\/td><td><a href=\"https:\/\/www.colegiobolivar.edu.co\/garden2025\/wp-content\/uploads\/2026\/04\/Jose-Alejandro-Gonzalez-Artemmisia-annua-L-2026.pdf\">https:\/\/www.colegiobolivar.edu.co\/garden2025\/wp-content\/uploads\/2026\/04\/Jose-Alejandro-Gonzalez-Artemmisia-annua-L-2026.pdf<\/a><\/td><\/tr><tr><td>PABLO JUAN KARAMAN<\/td><td><em>Eucalyptus globulus <\/em>Labill<\/td><td>Eucalyptus<\/td><td><a href=\"https:\/\/www.colegiobolivar.edu.co\/garden2025\/wp-content\/uploads\/2026\/04\/Pablo-Juan-Karaman-Eucalyptus-globulus-2026.pdf\">https:\/\/www.colegiobolivar.edu.co\/garden2025\/wp-content\/uploads\/2026\/04\/Pablo-Juan-Karaman-Eucalyptus-globulus-2026.pdf<\/a><\/td><\/tr><tr><td>EMILIO LLOREDA<\/td><td><em>Oryza sativa<\/em> L.<\/td><td>Arroz<\/td><td><a href=\"https:\/\/www.colegiobolivar.edu.co\/garden2025\/wp-content\/uploads\/2026\/04\/Emilio-Lloreda-Oryza-sativa-2026.pdf\">https:\/\/www.colegiobolivar.edu.co\/garden2025\/wp-content\/uploads\/2026\/04\/Emilio-Lloreda-Oryza-sativa-2026.pdf<\/a><\/td><\/tr><tr><td>JUAN MARTIN MORENO<\/td><td><em>Zea mays <\/em>convar. saccharata var. Rugosa<\/td><td>Maiz dulce<\/td><td><a href=\"https:\/\/www.colegiobolivar.edu.co\/garden2025\/wp-content\/uploads\/2026\/04\/Juan-Martin-Moreno-Zea-mays-2026.pdf\">https:\/\/www.colegiobolivar.edu.co\/garden2025\/wp-content\/uploads\/2026\/04\/Juan-Martin-Moreno-Zea-mays-2026.pdf<\/a><\/td><\/tr><\/tbody><\/table><\/figure>\n\n\n\n<p><\/p>\n","protected":false},"excerpt":{"rendered":"<p>La parte acad\u00e9mica principal de la clase de ciencia de plantas agr\u00edcolas es escribir una monograf\u00eda espec\u00edfica de la especie sobre una planta dada. Aqu\u00ed est\u00e1 el trabajo realizado durante 2024-2025 por mis estudiantes de ciencia de plantas agr\u00edcolas. El trabajo de este a\u00f1o abarca investigaciones interesantes sobre fruta del drag\u00f3n, cacao, aloe vera, entre [&hellip;]<\/p>\n","protected":false},"author":1,"featured_media":0,"parent":0,"menu_order":0,"comment_status":"closed","ping_status":"closed","template":"","meta":{"zakra_sidebar_layout":"customizer","zakra_remove_content_margin":false,"zakra_sidebar":"customizer","zakra_transparent_header":"customizer","zakra_logo":0,"zakra_main_header_style":"default","zakra_menu_item_color":"","zakra_menu_item_hover_color":"","zakra_menu_item_active_color":"","zakra_menu_active_style":"","zakra_page_header":true,"footnotes":""},"class_list":["post-41266","page","type-page","status-publish","hentry"],"rttpg_featured_image_url":null,"rttpg_author":{"display_name":"webmaster","author_link":"https:\/\/www.colegiobolivar.edu.co\/garden2025\/author\/webmaster\/"},"rttpg_comment":0,"rttpg_category":" <a href=\"https:\/\/www.colegiobolivar.edu.co\/garden2025\/es\/\" rel=\"tag\">Espa\u00f1ol<\/a>","rttpg_excerpt":"La parte acad\u00e9mica principal de la clase de ciencia de plantas agr\u00edcolas es escribir una monograf\u00eda espec\u00edfica de la especie sobre una planta dada. Aqu\u00ed est\u00e1 el trabajo realizado durante 2024-2025 por mis estudiantes de ciencia de plantas agr\u00edcolas. El trabajo de este a\u00f1o abarca investigaciones interesantes sobre fruta del drag\u00f3n, cacao, aloe vera, entre&hellip;","_links":{"self":[{"href":"https:\/\/www.colegiobolivar.edu.co\/garden2025\/wp-json\/wp\/v2\/pages\/41266","targetHints":{"allow":["GET"]}}],"collection":[{"href":"https:\/\/www.colegiobolivar.edu.co\/garden2025\/wp-json\/wp\/v2\/pages"}],"about":[{"href":"https:\/\/www.colegiobolivar.edu.co\/garden2025\/wp-json\/wp\/v2\/types\/page"}],"author":[{"embeddable":true,"href":"https:\/\/www.colegiobolivar.edu.co\/garden2025\/wp-json\/wp\/v2\/users\/1"}],"replies":[{"embeddable":true,"href":"https:\/\/www.colegiobolivar.edu.co\/garden2025\/wp-json\/wp\/v2\/comments?post=41266"}],"version-history":[{"count":3,"href":"https:\/\/www.colegiobolivar.edu.co\/garden2025\/wp-json\/wp\/v2\/pages\/41266\/revisions"}],"predecessor-version":[{"id":41290,"href":"https:\/\/www.colegiobolivar.edu.co\/garden2025\/wp-json\/wp\/v2\/pages\/41266\/revisions\/41290"}],"wp:attachment":[{"href":"https:\/\/www.colegiobolivar.edu.co\/garden2025\/wp-json\/wp\/v2\/media?parent=41266"}],"curies":[{"name":"wp","href":"https:\/\/api.w.org\/{rel}","templated":true}]}}