{"id":19569,"date":"2023-08-14T10:14:23","date_gmt":"2023-08-14T15:14:23","guid":{"rendered":"https:\/\/www.colegiobolivar.edu.co\/website\/?page_id=19569"},"modified":"2025-10-20T19:14:28","modified_gmt":"2025-10-20T19:14:28","slug":"nido-tardes-2","status":"publish","type":"page","link":"https:\/\/www.colegiobolivar.edu.co\/website\/es\/nido-tardes-2\/","title":{"rendered":"Nido Tardes"},"content":{"rendered":"\t\t<div data-elementor-type=\"wp-page\" data-elementor-id=\"19569\" class=\"elementor elementor-19569\" data-elementor-post-type=\"page\">\n\t\t\t\t<div class=\"elementor-element elementor-element-356bbac9 e-flex e-con-boxed e-con e-parent\" data-id=\"356bbac9\" data-element_type=\"container\" data-e-type=\"container\" data-settings=\"{&quot;background_background&quot;:&quot;classic&quot;}\">\n\t\t\t\t\t<div class=\"e-con-inner\">\n\t\t\t\t\t<\/div>\n\t\t\t\t<\/div>\n\t\t<div class=\"elementor-element elementor-element-02edcdc e-flex e-con-boxed e-con e-parent\" data-id=\"02edcdc\" data-element_type=\"container\" data-e-type=\"container\">\n\t\t\t\t\t<div class=\"e-con-inner\">\n\t\t<div class=\"elementor-element elementor-element-6e64fb0 e-con-full e-flex e-con e-child\" data-id=\"6e64fb0\" data-element_type=\"container\" data-e-type=\"container\" data-settings=\"{&quot;background_background&quot;:&quot;classic&quot;}\">\n\t\t\t\t<div class=\"elementor-element elementor-element-137f32b elementor-widget elementor-widget-heading\" data-id=\"137f32b\" data-element_type=\"widget\" data-e-type=\"widget\" data-widget_type=\"heading.default\">\n\t\t\t\t\t<h2 class=\"elementor-heading-title elementor-size-default\">Nido<\/h2>\t\t\t\t<\/div>\n\t\t\t\t<\/div>\n\t\t\t\t<div class=\"elementor-element elementor-element-e94a784 elementor-widget elementor-widget-heading\" data-id=\"e94a784\" data-element_type=\"widget\" data-e-type=\"widget\" data-widget_type=\"heading.default\">\n\t\t\t\t\t<h2 class=\"elementor-heading-title elementor-size-default\">Tardes<\/h2>\t\t\t\t<\/div>\n\t\t\t\t\t<\/div>\n\t\t\t\t<\/div>\n\t\t\t\t<section class=\"elementor-section elementor-top-section elementor-element elementor-element-f24162e elementor-section-height-min-height elementor-section-boxed elementor-section-height-default elementor-section-items-middle\" data-id=\"f24162e\" data-element_type=\"section\" data-e-type=\"section\">\n\t\t\t\t\t\t<div class=\"elementor-container elementor-column-gap-default\">\n\t\t\t\t\t<div class=\"elementor-column elementor-col-100 elementor-top-column elementor-element elementor-element-bffd6d7\" data-id=\"bffd6d7\" data-element_type=\"column\" data-e-type=\"column\">\n\t\t\t<div class=\"elementor-widget-wrap elementor-element-populated\">\n\t\t\t\t\t\t<div class=\"elementor-element elementor-element-c0e4337 elementor-widget elementor-widget-heading\" data-id=\"c0e4337\" data-element_type=\"widget\" data-e-type=\"widget\" data-widget_type=\"heading.default\">\n\t\t\t\t\t<h2 class=\"elementor-heading-title elementor-size-default\">Jornada Extendida\n\n<\/h2>\t\t\t\t<\/div>\n\t\t\t\t<div class=\"elementor-element elementor-element-9fd3b9d elementor-widget__width-initial elementor-widget-mobile__width-initial elementor-widget elementor-widget-text-editor\" data-id=\"9fd3b9d\" data-element_type=\"widget\" data-e-type=\"widget\" data-widget_type=\"text-editor.default\">\n\t\t\t\t\t\t\t\t\t<p><span style=\"letter-spacing: 0.24px;\">To<\/span><span style=\"letter-spacing: 0.24px;\">dos los martes y jueves de<\/span><strong style=\"letter-spacing: 0.24px;\">\u00a012:00 a.m. \u2013 2:30 p.m.<\/strong><\/p><p>Este programa, pensado para ni\u00f1os de <strong>Nido 2 y Nido 3<\/strong>, le brindar\u00e1 a sus hijos la oportunidad de vivir momentos cargados de diversi\u00f3n, creatividad y experiencias significativas que aportar\u00e1n a su desarrollo y aprendizaje<img decoding=\"async\" class=\"emoji\" role=\"img\" draggable=\"false\" src=\"https:\/\/s.w.org\/images\/core\/emoji\/14.0.0\/svg\/1f31f.svg\" alt=\"\ud83c\udf1f\" \/><img decoding=\"async\" class=\"emoji\" role=\"img\" draggable=\"false\" src=\"https:\/\/s.w.org\/images\/core\/emoji\/14.0.0\/svg\/1f308.svg\" alt=\"\ud83c\udf08\" \/><img decoding=\"async\" class=\"emoji\" role=\"img\" draggable=\"false\" src=\"https:\/\/s.w.org\/images\/core\/emoji\/14.0.0\/svg\/1fa90.svg\" alt=\"\ud83e\ude90\" \/><img decoding=\"async\" class=\"emoji\" role=\"img\" draggable=\"false\" src=\"https:\/\/s.w.org\/images\/core\/emoji\/14.0.0\/svg\/1f680.svg\" alt=\"\ud83d\ude80\" \/><\/p>\t\t\t\t\t\t\t\t<\/div>\n\t\t\t\t\t<\/div>\n\t\t<\/div>\n\t\t\t\t\t<\/div>\n\t\t<\/section>\n\t\t\t\t<section class=\"elementor-section elementor-top-section elementor-element elementor-element-1b37965 elementor-section-height-min-height elementor-section-boxed elementor-section-height-default elementor-section-items-middle\" data-id=\"1b37965\" data-element_type=\"section\" data-e-type=\"section\">\n\t\t\t\t\t\t<div class=\"elementor-container elementor-column-gap-default\">\n\t\t\t\t\t<div class=\"elementor-column elementor-col-50 elementor-top-column elementor-element elementor-element-e4077e6\" data-id=\"e4077e6\" data-element_type=\"column\" data-e-type=\"column\">\n\t\t\t<div class=\"elementor-widget-wrap elementor-element-populated\">\n\t\t\t\t\t\t<div class=\"elementor-element elementor-element-ab2347e elementor-widget elementor-widget-image\" data-id=\"ab2347e\" data-element_type=\"widget\" data-e-type=\"widget\" data-widget_type=\"image.default\">\n\t\t\t\t\t\t\t\t\t\t\t\t\t\t\t<img fetchpriority=\"high\" decoding=\"async\" width=\"800\" height=\"796\" src=\"https:\/\/www.colegiobolivar.edu.co\/website\/wp-content\/uploads\/2023\/08\/web-nido-tardes-1-1024x1019.png\" class=\"attachment-large size-large wp-image-19571\" alt=\"\" srcset=\"https:\/\/www.colegiobolivar.edu.co\/website\/wp-content\/uploads\/2023\/08\/web-nido-tardes-1-1024x1019.png 1024w, https:\/\/www.colegiobolivar.edu.co\/website\/wp-content\/uploads\/2023\/08\/web-nido-tardes-1-300x300.png 300w, https:\/\/www.colegiobolivar.edu.co\/website\/wp-content\/uploads\/2023\/08\/web-nido-tardes-1-150x150.png 150w, https:\/\/www.colegiobolivar.edu.co\/website\/wp-content\/uploads\/2023\/08\/web-nido-tardes-1-768x764.png 768w, https:\/\/www.colegiobolivar.edu.co\/website\/wp-content\/uploads\/2023\/08\/web-nido-tardes-1-1536x1529.png 1536w, https:\/\/www.colegiobolivar.edu.co\/website\/wp-content\/uploads\/2023\/08\/web-nido-tardes-1-2048x2038.png 2048w\" sizes=\"(max-width: 800px) 100vw, 800px\" \/>\t\t\t\t\t\t\t\t\t\t\t\t\t\t\t<\/div>\n\t\t\t\t\t<\/div>\n\t\t<\/div>\n\t\t\t\t<div class=\"elementor-column elementor-col-50 elementor-top-column elementor-element elementor-element-2b2de57\" data-id=\"2b2de57\" data-element_type=\"column\" data-e-type=\"column\">\n\t\t\t<div class=\"elementor-widget-wrap elementor-element-populated\">\n\t\t\t\t\t\t<div class=\"elementor-element elementor-element-0800bad elementor-widget elementor-widget-heading\" data-id=\"0800bad\" data-element_type=\"widget\" data-e-type=\"widget\" data-widget_type=\"heading.default\">\n\t\t\t\t\t<h3 class=\"elementor-heading-title elementor-size-default\">Programa mensual: $260.000 (incluye materiales\/almuerzo no incluido)<\/h3>\t\t\t\t<\/div>\n\t\t\t\t<div class=\"elementor-element elementor-element-1111e91 elementor-widget elementor-widget-text-editor\" data-id=\"1111e91\" data-element_type=\"widget\" data-e-type=\"widget\" data-widget_type=\"text-editor.default\">\n\t\t\t\t\t\t\t\t\t<p><span lang=\"ES-CO\">Los pagos se realizar\u00e1n cada mes por el portal del Colegio: Servicios en L\u00ednea<\/span><\/p><p><span lang=\"ES-CO\">\u00a0<\/span><span lang=\"ES-CO\"><img decoding=\"async\" class=\"emoji\" role=\"img\" draggable=\"false\" src=\"https:\/\/s.w.org\/images\/core\/emoji\/14.0.0\/svg\/1f963.svg\" alt=\"\ud83e\udd63\" \/>\u00a0Precio por Almuerzo: <span style=\"color: #00aeef;\"><b>$10.700<\/b><\/span><\/span><\/p><p><span lang=\"ES-CO\" style=\"border: 0px; font-style: inherit; font-variant: inherit; font-weight: inherit; font-stretch: inherit; font-size: inherit; line-height: inherit; font-family: 'Segoe UI', sans-serif; font-optical-sizing: inherit; font-kerning: inherit; font-feature-settings: inherit; font-variation-settings: inherit; margin: 0px; padding: 0px; vertical-align: baseline; color: inherit;\"><img decoding=\"async\" class=\"emoji\" role=\"img\" draggable=\"false\" src=\"https:\/\/s.w.org\/images\/core\/emoji\/14.0.0\/svg\/1f4b3.svg\" alt=\"\ud83d\udcb3\" \/> El pago de los almuerzos Se realizar\u00e1 mediante la plataforma\u00a0<em>Paygo<\/em>\u00a0(aplicaci\u00f3n o p\u00e1gina web) a nuestro nuevo proveedor de cafeter\u00eda,\u00a0<strong>Cocina Cris<\/strong>, bajo la modalidad de recarga. Cada familia ser\u00e1 responsable de realizar la recarga anticipada para cubrir los almuerzos.<\/span><\/p>\t\t\t\t\t\t\t\t<\/div>\n\t\t\t\t<div class=\"elementor-element elementor-element-997dcd5 elementor-widget elementor-widget-text-editor\" data-id=\"997dcd5\" data-element_type=\"widget\" data-e-type=\"widget\" data-widget_type=\"text-editor.default\">\n\t\t\t\t\t\t\t\t\t<p>\ud83d\ude8c Tendremos servicio de\u00a0transporte\u00a0a las 2:30 p.m.<\/p><p>Los ni\u00f1os compartir\u00e1n las rutas con estudiantes de otras secciones del Colegio.\u00a0<\/p><p><strong>\ud83d\udccc <span data-olk-copy-source=\"MessageBody\">El servicio de transporte est\u00e1 incluido para aquellos estudiantes que ya lo utilizan en la jornada regular de El Nido.<\/span><\/strong><\/p><p><strong>Si su hijo no cuenta con el servicio de transporte, lo pueden solicitar por un costo adicional.<\/strong><\/p>\t\t\t\t\t\t\t\t<\/div>\n\t\t\t\t<div class=\"elementor-element elementor-element-9e13426 elementor-align-center elementor-widget elementor-widget-button\" data-id=\"9e13426\" data-element_type=\"widget\" data-e-type=\"widget\" data-widget_type=\"button.default\">\n\t\t\t\t\t\t\t\t\t\t<a class=\"elementor-button elementor-button-link elementor-size-sm elementor-animation-push\" href=\"https:\/\/integrity.colegiobolivar.edu.co\/NIDotarde\/login.aspx\">\n\t\t\t\t\t\t<span class=\"elementor-button-content-wrapper\">\n\t\t\t\t\t\t\t\t\t<span class=\"elementor-button-text\">\u00a1Inscr\u00edbete!<\/span>\n\t\t\t\t\t<\/span>\n\t\t\t\t\t<\/a>\n\t\t\t\t\t\t\t\t<\/div>\n\t\t\t\t\t<\/div>\n\t\t<\/div>\n\t\t\t\t\t<\/div>\n\t\t<\/section>\n\t\t\t\t<section class=\"elementor-section elementor-top-section elementor-element elementor-element-effe11f elementor-section-height-min-height elementor-section-boxed elementor-section-height-default elementor-section-items-middle\" data-id=\"effe11f\" data-element_type=\"section\" data-e-type=\"section\">\n\t\t\t\t\t\t<div class=\"elementor-container elementor-column-gap-default\">\n\t\t\t\t\t<div class=\"elementor-column elementor-col-100 elementor-top-column elementor-element elementor-element-875a540\" data-id=\"875a540\" data-element_type=\"column\" data-e-type=\"column\">\n\t\t\t<div class=\"elementor-widget-wrap elementor-element-populated\">\n\t\t\t\t\t\t<div class=\"elementor-element elementor-element-5c29207 elementor-widget elementor-widget-heading\" data-id=\"5c29207\" data-element_type=\"widget\" data-e-type=\"widget\" data-widget_type=\"heading.default\">\n\t\t\t\t\t<h2 class=\"elementor-heading-title elementor-size-default\">Pol\u00edticas<\/h2>\t\t\t\t<\/div>\n\t\t\t\t<div class=\"elementor-element elementor-element-54872b6 elementor-widget elementor-widget-text-editor\" data-id=\"54872b6\" data-element_type=\"widget\" data-e-type=\"widget\" data-widget_type=\"text-editor.default\">\n\t\t\t\t\t\t\t\t\t<p>\ud83d\udd36 Las inscripciones se pueden realizar durante todo el a\u00f1o lectivo a trav\u00e9s de la p\u00e1gina web del Colegio, Servicios en L\u00ednea. Sin embargo las inscripciones y los retiros deben realizarse antes del d\u00eda 20 de cada mes para hacerse efectivo para el mes siguiente.<\/p><p>\ud83d\udd36 En caso de no realizar el procedimiento, los compromisos financieros se continuar\u00e1n efectuando mensualmente.<\/p>\t\t\t\t\t\t\t\t<\/div>\n\t\t\t\t\t<\/div>\n\t\t<\/div>\n\t\t\t\t\t<\/div>\n\t\t<\/section>\n\t\t\t\t<\/div>\n\t\t","protected":false},"excerpt":{"rendered":"<p>Nido Tardes Jornada Extendida Todos los martes y jueves de\u00a012:00 a.m. \u2013 2:30 p.m. Este programa, pensado para ni\u00f1os de Nido 2 y Nido 3, le brindar\u00e1 a sus hijos la oportunidad de vivir momentos cargados de diversi\u00f3n, creatividad y experiencias significativas que aportar\u00e1n a su desarrollo y aprendizaje Programa mensual: $260.000 (incluye materiales\/almuerzo no [&hellip;]<\/p>\n","protected":false},"author":1,"featured_media":0,"parent":0,"menu_order":6,"comment_status":"closed","ping_status":"closed","template":"","meta":{"_acf_changed":false,"footnotes":""},"class_list":["post-19569","page","type-page","status-publish","hentry"],"acf":[],"_links":{"self":[{"href":"https:\/\/www.colegiobolivar.edu.co\/website\/wp-json\/wp\/v2\/pages\/19569","targetHints":{"allow":["GET"]}}],"collection":[{"href":"https:\/\/www.colegiobolivar.edu.co\/website\/wp-json\/wp\/v2\/pages"}],"about":[{"href":"https:\/\/www.colegiobolivar.edu.co\/website\/wp-json\/wp\/v2\/types\/page"}],"author":[{"embeddable":true,"href":"https:\/\/www.colegiobolivar.edu.co\/website\/wp-json\/wp\/v2\/users\/1"}],"replies":[{"embeddable":true,"href":"https:\/\/www.colegiobolivar.edu.co\/website\/wp-json\/wp\/v2\/comments?post=19569"}],"version-history":[{"count":12,"href":"https:\/\/www.colegiobolivar.edu.co\/website\/wp-json\/wp\/v2\/pages\/19569\/revisions"}],"predecessor-version":[{"id":35429,"href":"https:\/\/www.colegiobolivar.edu.co\/website\/wp-json\/wp\/v2\/pages\/19569\/revisions\/35429"}],"wp:attachment":[{"href":"https:\/\/www.colegiobolivar.edu.co\/website\/wp-json\/wp\/v2\/media?parent=19569"}],"curies":[{"name":"wp","href":"https:\/\/api.w.org\/{rel}","templated":true}]}}