{"id":37196,"date":"2025-11-04T19:21:35","date_gmt":"2025-11-04T19:21:35","guid":{"rendered":"https:\/\/colegiobolivar.edu.co\/website\/?page_id=37196"},"modified":"2025-11-06T20:14:12","modified_gmt":"2025-11-06T20:14:12","slug":"desarrollo-curricular-y-aprendizaje-profesional","status":"publish","type":"page","link":"https:\/\/www.colegiobolivar.edu.co\/website\/es\/desarrollo-curricular-y-aprendizaje-profesional\/","title":{"rendered":"Desarrollo Curricular y Aprendizaje Profesional"},"content":{"rendered":"\t\t<div data-elementor-type=\"wp-page\" data-elementor-id=\"37196\" class=\"elementor elementor-37196\" data-elementor-post-type=\"page\">\n\t\t\t\t<div class=\"elementor-element elementor-element-e32e803 e-flex e-con-boxed e-con e-parent\" data-id=\"e32e803\" data-element_type=\"container\" data-e-type=\"container\">\n\t\t\t\t\t<div class=\"e-con-inner\">\n\t\t\t\t<div class=\"elementor-element elementor-element-d43ddae elementor-widget elementor-widget-heading\" data-id=\"d43ddae\" data-element_type=\"widget\" data-e-type=\"widget\" data-widget_type=\"heading.default\">\n\t\t\t\t\t<h2 class=\"elementor-heading-title elementor-size-default\">Desarrollo Curricular<\/h2>\t\t\t\t<\/div>\n\t\t\t\t<div class=\"elementor-element elementor-element-4b94162 elementor-widget elementor-widget-heading\" data-id=\"4b94162\" data-element_type=\"widget\" data-e-type=\"widget\" data-widget_type=\"heading.default\">\n\t\t\t\t\t<h2 class=\"elementor-heading-title elementor-size-default\">y Aprendizaje Profesional<\/h2>\t\t\t\t<\/div>\n\t\t\t\t\t<\/div>\n\t\t\t\t<\/div>\n\t\t<div class=\"elementor-element elementor-element-59b935e e-flex e-con-boxed e-con e-parent\" data-id=\"59b935e\" data-element_type=\"container\" data-e-type=\"container\">\n\t\t\t\t\t<div class=\"e-con-inner\">\n\t\t<div class=\"elementor-element elementor-element-d46ce5a e-con-full e-flex e-con e-child\" data-id=\"d46ce5a\" data-element_type=\"container\" data-e-type=\"container\">\n\t\t\t\t<div class=\"elementor-element elementor-element-2e4cdc6 elementor-widget elementor-widget-text-editor\" data-id=\"2e4cdc6\" data-element_type=\"widget\" data-e-type=\"widget\" data-widget_type=\"text-editor.default\">\n\t\t\t\t\t\t\t\t\t<p>En el Colegio Bol\u00edvar, el Desarrollo Curricular y el Aprendizaje Profesional se integran para ofrecer un curr\u00edculo din\u00e1mico y centrado en el estudiante, mientras fortalecen a los docentes mediante formaci\u00f3n continua, mentor\u00edas y reflexi\u00f3n colaborativa. Esta estrategia eleva la calidad de la ense\u00f1anza, fomenta una cultura escolar positiva y asegura un aprendizaje profundo que responde a las necesidades cambiantes de los estudiantes.<\/p>\t\t\t\t\t\t\t\t<\/div>\n\t\t\t\t<\/div>\n\t\t\t\t\t<\/div>\n\t\t\t\t<\/div>\n\t\t<div class=\"elementor-element elementor-element-0b34ac8 e-flex e-con-boxed e-con e-parent\" data-id=\"0b34ac8\" data-element_type=\"container\" data-e-type=\"container\">\n\t\t\t\t\t<div class=\"e-con-inner\">\n\t\t\t\t<div class=\"elementor-element elementor-element-e39ef85 elementor-widget elementor-widget-video\" data-id=\"e39ef85\" data-element_type=\"widget\" data-e-type=\"widget\" data-settings=\"{&quot;video_type&quot;:&quot;vimeo&quot;,&quot;show_image_overlay&quot;:&quot;yes&quot;,&quot;image_overlay&quot;:{&quot;url&quot;:&quot;&quot;,&quot;id&quot;:&quot;&quot;,&quot;size&quot;:&quot;&quot;,&quot;alt&quot;:&quot;&quot;,&quot;source&quot;:&quot;library&quot;}}\" data-widget_type=\"video.default\">\n\t\t\t\t\t\t\t<div class=\"elementor-wrapper elementor-open-inline\">\n\t\t\t<iframe class=\"elementor-video-iframe\" allowfullscreen allow=\"clipboard-write\" title=\"Reproductor de v\u00eddeo vimeo\" src=\"https:\/\/player.vimeo.com\/video\/879822014?color&amp;autopause=0&amp;loop=0&amp;muted=0&amp;title=0&amp;portrait=1&amp;byline=0#t=\"><\/iframe>\t\t<\/div>\n\t\t\t\t\t\t<\/div>\n\t\t\t\t\t<\/div>\n\t\t\t\t<\/div>\n\t\t\t\t<\/div>\n\t\t","protected":false},"excerpt":{"rendered":"<p>Desarrollo Curricular y Aprendizaje Profesional En el Colegio Bol\u00edvar, el Desarrollo Curricular y el Aprendizaje Profesional se integran para ofrecer un curr\u00edculo din\u00e1mico y centrado en el estudiante, mientras fortalecen a los docentes mediante formaci\u00f3n continua, mentor\u00edas y reflexi\u00f3n colaborativa. Esta estrategia eleva la calidad de la ense\u00f1anza, fomenta una cultura escolar positiva y asegura [&hellip;]<\/p>\n","protected":false},"author":1,"featured_media":0,"parent":0,"menu_order":0,"comment_status":"closed","ping_status":"closed","template":"elementor_header_footer","meta":{"_acf_changed":false,"footnotes":""},"class_list":["post-37196","page","type-page","status-publish","hentry"],"acf":[],"_links":{"self":[{"href":"https:\/\/www.colegiobolivar.edu.co\/website\/wp-json\/wp\/v2\/pages\/37196","targetHints":{"allow":["GET"]}}],"collection":[{"href":"https:\/\/www.colegiobolivar.edu.co\/website\/wp-json\/wp\/v2\/pages"}],"about":[{"href":"https:\/\/www.colegiobolivar.edu.co\/website\/wp-json\/wp\/v2\/types\/page"}],"author":[{"embeddable":true,"href":"https:\/\/www.colegiobolivar.edu.co\/website\/wp-json\/wp\/v2\/users\/1"}],"replies":[{"embeddable":true,"href":"https:\/\/www.colegiobolivar.edu.co\/website\/wp-json\/wp\/v2\/comments?post=37196"}],"version-history":[{"count":13,"href":"https:\/\/www.colegiobolivar.edu.co\/website\/wp-json\/wp\/v2\/pages\/37196\/revisions"}],"predecessor-version":[{"id":37811,"href":"https:\/\/www.colegiobolivar.edu.co\/website\/wp-json\/wp\/v2\/pages\/37196\/revisions\/37811"}],"wp:attachment":[{"href":"https:\/\/www.colegiobolivar.edu.co\/website\/wp-json\/wp\/v2\/media?parent=37196"}],"curies":[{"name":"wp","href":"https:\/\/api.w.org\/{rel}","templated":true}]}}

<div data-elementor-type="wp-page" data-elementor-id="37196" class="elementor elementor-37196" data-elementor-post-type="page">
				<div class="elementor-element elementor-element-e32e803 e-flex e-con-boxed e-con e-parent" data-id="e32e803" data-element_type="container" data-e-type="container">
					<div class="e-con-inner">
				<div class="elementor-element elementor-element-d43ddae elementor-widget elementor-widget-heading" data-id="d43ddae" data-element_type="widget" data-e-type="widget" data-widget_type="heading.default">
					<h2 class="elementor-heading-title elementor-size-default">Desarrollo Curricular</h2>				</div>
				<div class="elementor-element elementor-element-4b94162 elementor-widget elementor-widget-heading" data-id="4b94162" data-element_type="widget" data-e-type="widget" data-widget_type="heading.default">
					<h2 class="elementor-heading-title elementor-size-default">y Aprendizaje Profesional</h2>				</div>
					</div>
				</div>
		<div class="elementor-element elementor-element-59b935e e-flex e-con-boxed e-con e-parent" data-id="59b935e" data-element_type="container" data-e-type="container">
					<div class="e-con-inner">
		<div class="elementor-element elementor-element-d46ce5a e-con-full e-flex e-con e-child" data-id="d46ce5a" data-element_type="container" data-e-type="container">
				<div class="elementor-element elementor-element-2e4cdc6 elementor-widget elementor-widget-text-editor" data-id="2e4cdc6" data-element_type="widget" data-e-type="widget" data-widget_type="text-editor.default">
									<p>En el Colegio Bolívar, el Desarrollo Curricular y el Aprendizaje Profesional se integran para ofrecer un currículo dinámico y centrado en el estudiante, mientras fortalecen a los docentes mediante formación continua, mentorías y reflexión colaborativa. Esta estrategia eleva la calidad de la enseñanza, fomenta una cultura escolar positiva y asegura un aprendizaje profundo que responde a las necesidades cambiantes de los estudiantes.</p>								</div>
				</div>
					</div>
				</div>
		<div class="elementor-element elementor-element-0b34ac8 e-flex e-con-boxed e-con e-parent" data-id="0b34ac8" data-element_type="container" data-e-type="container">
					<div class="e-con-inner">
				<div class="elementor-element elementor-element-e39ef85 elementor-widget elementor-widget-video" data-id="e39ef85" data-element_type="widget" data-e-type="widget" data-settings="{&quot;video_type&quot;:&quot;vimeo&quot;,&quot;show_image_overlay&quot;:&quot;yes&quot;,&quot;image_overlay&quot;:{&quot;url&quot;:&quot;&quot;,&quot;id&quot;:&quot;&quot;,&quot;size&quot;:&quot;&quot;,&quot;alt&quot;:&quot;&quot;,&quot;source&quot;:&quot;library&quot;}}" data-widget_type="video.default">
							<div class="elementor-wrapper elementor-open-inline">
			<iframe class="elementor-video-iframe" allowfullscreen allow="clipboard-write" title="Reproductor de vídeo vimeo" src="https://player.vimeo.com/video/879822014?color&amp;autopause=0&amp;loop=0&amp;muted=0&amp;title=0&amp;portrait=1&amp;byline=0#t="></iframe>		</div>
						</div>
					</div>
				</div>
				</div>

<p>Desarrollo Curricular y Aprendizaje Profesional En el Colegio Bolívar, el Desarrollo Curricular y el Aprendizaje Profesional se integran para ofrecer un currículo dinámico y centrado en el estudiante, mientras fortalecen a los docentes mediante formación continua, mentorías y reflexión colaborativa. Esta estrategia eleva la calidad de la enseñanza, fomenta una cultura escolar positiva y asegura [&hellip;]</p>
